*4/4 + 4*d**3 - 6*d**2 + 12*d + 3. Let u be b(11). Calculate o(u).
-6
Let o(v) be the third derivative of v**6/720 - v**5/40 + 5*v**4/24 - 7*v**2. Let b(q) be the second derivative of o(q). Suppose 1 = j - 1. What is b(j)?
-1
Let l(v) = -v**3 - v**2 + v + 1. Let q(b) = -7*b**3 - 11*b**2 + b + 4. Let z(s) = 6*l(s) - q(s). Let y = 44 + -47. Determine z(y).
5
Let y(t) be the second derivative of -t**3/6 - 3*t**2/2 + 34*t. Determine y(-4).
1
Let g(w) = -3 - 5 + 6 + 3*w + 1. Suppose 10 = t + 4*t. Calculate g(t).
5
Let p(d) = -3*d - 3. Let v be 6/(-4)*4/2. Let i(n) be the first derivative of -n**3/3 - n**2/2 + 4*n - 2. Let j be i(v). What is p(j)?
3
Let c(r) = -r**3 + r**2 + 2*r. Suppose 4*y - 5*y + 4 = 0. Suppose -b - 2*b - 5*h = 10, 40 = y*b - 4*h. Let p = 3 - b. Determine c(p).
8
Let x(u) = -u**2 - 10*u + 67. Let p be x(-14). Let c(q) = -q + 13. What is c(p)?
2
Let s(a) = a + 1. Let t(j) = -j**2 + 7*j + 1. Let q(i) = 6*s(i) - t(i). Give q(4).
17
Let g = 8 - 3. Let n(m) = -m**2 + 4*m + 5. Let c be n(g). Let u(l) = -l**3 - l**2 - l - 6. Calculate u(c).
-6
Suppose -d + 4*d - 24 = -3*b, -d + 24 = 5*b. Let j(p) = -5*p + 5. Let m(z) = z - 1. Let c(o) = -4*j(o) - 18*m(o). Determine c(b).
6
Let u(x) = x**3 + 27*x**2 + 28*x + 50. Let d be u(-26). Let q(n) = -n**3 - 2*n**2 + n - 1. Give q(d).
-3
Let o = 24 + -24. Let q(v) be the third derivative of v**4/24 - 7*v**3/6 - v**2. Give q(o).
-7
Let k(w) = -w**2 - 8*w + 7. Let d(g) = g**2 + 9*g - 8. Let z(j) = 4*d(j) + 5*k(j). Suppose -2*f = -6*f - 20. Determine z(f).
-2
Let g(u) = u**2 + 3*u + 6. Let y(j) = 2*j**2 - 17*j + 4. Let s be y(8). Determine g(s).
10
Let x = -3 + -1. Let z(g) = -g**2 + 4*g - 4. Let m(s) = s**2 - 3*s + 3. Let n(i) = x*z(i) - 3*m(i). Calculate n(5).
-3
Let j(u) be the second derivative of u**4/12 - 7*u**2 + 26*u. Determine j(0).
-14
Let c(y) = -3*y - 7*y**2 + 0 + 4*y - 3*y**3 + 4*y**3 - 4. Give c(7).
3
Let t(i) = 3*i**2 + 28*i + 27. Let y(o) = -o**2 - 9*o - 9. Let c(a) = 2*t(a) + 7*y(a). Calculate c(-6).
-3
Let t(f) = -f**2 - 5*f - 1. Suppose 0 = -i - 5*h + 1 - 0, -3*i - 2*h = 10. Determine t(i).
3
Let q(g) = -3*g - 16. Let d(t) = t + 5. Let w(c) = -11*d(c) - 4*q(c). What is w(-4)?
5
Let q = -7 - -9. Suppose -9 = -3*w + 3*g, -4*w - 3*g + 6*g = -11. Let h(z) = 0 - z**q + 0 + w*z. Determine h(1).
1
Let x(f) = -f - 56*f**2 + 5 + 119*f**2 - 61*f**2 + 6*f. Determine x(-4).
17
Let a be (-12)/(-8)*(3 - 1). Let d be a/((0 + -1)*1). Let c(b) = b**2 + 3*b - 3. Determine c(d).
-3
Suppose -s = -2*s + 2. Let b(f) be the first derivative of f + 1 + 0*f**2 + 1/3*f**3. Calculate b(s).
5
Let p(f) be the second derivative of -2*f**5/5 + 8*f. Determine p(-1).
8
Let p(i) be the second derivative of -1/12*i**4 - 7/6*i**3 - 2*i**2 + 0 - 2*i. Give p(-3).
8
Let n(b) be the third derivative of -b**5/20 + b**4/12 + b**3/6 + 16*b**2. Determine n(2).
-7
Let v(q) = -3*q - 6. Let k be v(-4). Let w(a) = -k + 2*a**3 + 2*a**3 - a**3 - a - 2*a**3. Calculate w(0).
-6
Let b be 2 - (8/4 - -3). Let d(k) = -k**2 - 3*k - 3. Give d(b).
-3
Let d(b) = 2*b + 2. Let o(w) = 4*w**3 - w + 1. Let p be o(1). Let x = p - 4. Suppose x = -0*q + 2*q + 4. Calculate d(q).
-2
Let s(j) = -3*j - 6. Let h(b) = 4*b + 6. Let f be -1 + (-3)/6*6. Let i(l) = f*h(l) - 5*s(l). Give i(4).
2
Let v(g) = g**3 - 2*g**2 + g. Let p be (-9)/(-6) - 4/((-16)/6). Determine v(p).
12
Suppose 0 = 2*a - 0 - 10. Let u(y) = 9*y - a - 1 - 10*y. What is u(-7)?
1
Let d(l) = 6*l - 7*l - 9 + 1. Calculate d(-6).
-2
Let m(v) be the first derivative of 0 + 2 - v**2 + 4*v - 6*v. What is m(-2)?
2
Let z(y) = -9*y - 1. Let l(w) = 18*w + 1. Let q(c) = 3*l(c) + 7*z(c). Determine q(-3).
23
Let t(h) be the second derivative of h**5/20 - h**4/3 + h**3/3 - 5*h**2/2 - 22*h. Suppose 3*w - 18 = -3*p, -2*p + 3*p - 5*w + 6 = 0. Calculate t(p).
3
Let j = -1 + 4. Let w(h) be the second derivative of 0 - 1/2*h**2 + 2/3*h**j + 3*h. What is w(-2)?
-9
Let k = -18 - -14. Let p(c) = -2*c. What is p(k)?
8
Let k(y) be the first derivative of 2*y**2 + 4. What is k(-2)?
-8
Let v(g) = -g**3 - g**2 + 2*g - 4. Let n be 6/4*(-2 - 0). What is v(n)?
8
Let p(g) = -9*g**2 - g - 1. Let l = -17 + 16. Calculate p(l).
-9
Suppose 2*d = 7*d + 10. Suppose 3*a - o - 3 = 0, 8*o - 3*o = -3*a + 21. Let t = d + a. Let m(w) = -w**2 + w + 8. Give m(t).
8
Let q = 14 - 10. Let u(p) be the first derivative of -p**3/3 + p**2 + 4*p + 2. Calculate u(q).
-4
Let h(x) = -x**2 + 2*x + 6. Suppose -5*n = -7*n + 10. What is h(n)?
-9
Let z(v) be the first derivative of 2*v**2 - 4*v**2 - 3 - 1 + 0. Let f(j) = -5*j + 1. Let w(h) = -3*f(h) + 4*z(h). Give w(-6).
3
Let c(u) = -3*u**2 + 7*u - 2. Let l(m) = -16*m**2 + 36*m - 11. Let b(p) = -11*c(p) + 2*l(p). Determine b(3).
-6
Let n(v) = -v**2 - 9*v - 10. Let a be n(-8). Let t = -4 - a. Let j(c) = -37 + c - 3*c + 39. Calculate j(t).
6
Let f(r) be the first derivative of -1/24*r**4 + 0*r - 2*r**2 - 1/6*r**3 + 1. Let s(g) be the second derivative of f(g). Calculate s(-5).
4
Suppose -3*z - 14 = 4*z. Let m(l) = -l**2 - 3*l - 2*l**2 + 0*l**2. What is m(z)?
-6
Let d(g) = g - 8 + 5 + 5. Suppose -5*b + 4*x = -10, -5*b + 55 = 6*x - x. What is d(b)?
8
Let x(c) = c**2 + 2*c - 1. Let t = 30 - 35. Determine x(t).
14
Let p(q) be the third derivative of -5*q**4/24 - 4*q**2. Let i = 3 - 2. Determine p(i).
-5
Let k = -16 + 20. Let x(u) be the second derivative of -1/3*u**3 + 0 - 1/12*u**k - u + 0*u**2. Determine x(-3).
-3
Let g(y) = y**3 + 3*y**2 - 2*y - 3. Suppose 0 = i - 3*i. Let u(m) = m**2 + m - 3. Let o be u(i). Calculate g(o).
3
Suppose 4*f + f - 25 = 0. Suppose -5 + 2 = -l. Let s(a) = -5*a + l + 1 - f. Give s(1).
-6
Let o(g) = g**3 + 12*g**2 - 2*g - 29. Let b be o(-12). Let u be (-1)/(-1) + (-1 - -7). Let w(r) = -3*r + u*r + 7 - 3*r. Give w(b).
2
Let a = -5 - -9. Let j(s) = 3*s**2 + 2*s - 2. Let i be j(-2). Let w(b) = b**2 + 6*b + 0 - i - 2*b**2. Determine w(a).
2
Let d(j) = -j. Let h(g) be the second derivative of -g**4/12 + 4*g**3/3 - g**2/2 + 6*g. Let s(b) = 2*d(b) + h(b). What is s(5)?
4
Let p(x) = x**2 + 4*x - 4. Suppose -y = 2*a - 1, y + 7 = a + a. Let k be 1/(2/26) + -1. Suppose -3*m + a*f - k = -f, m + 2 = 3*f. Calculate p(m).
1
Suppose 0 = -3*k + 8*k - 30. Let o(u) = u + 1. What is o(k)?
7
Let l be 5/(-2*1/4*-2). Let h(z) = -4*z - 1. Determine h(l).
-21
Let c(p) = -p + 5. Let d(w) = w - 3. Let y(s) = -4*c(s) - 7*d(s). Let g(x) = x + 4. Suppose h + 2 = -1. Let k be g(h). What is y(k)?
-2
Let q(k) = -60 + 127 - k - 67. Give q(2).
-2
Let s(f) = f - 9. Suppose 5*p - 160 = -140. What is s(p)?
-5
Let m be (-5)/((-1)/6*6*-1). Let u(h) = h + 2. Calculate u(m).
-3
Let s(i) = 2*i**2 + 5*i - 4. Suppose 3*r = -4*b + 26, 7*b = -r + 4*b + 17. Suppose -4 + 12 = -r*m. Calculate s(m).
8
Let t(j) be the second derivative of j**4/12 + j**3/6 - j**2 - j. Let r be -2 + 1 + -2 + 24 + -23. Determine t(r).
0
Let l(v) be the second derivative of -v**5/20 - v**4/3 - v**3/3 - 3*v**2 + 7*v. Give l(-4).
2
Let d(b) = 13*b**3 + 4*b**2 + 5*b - 8. Let h(s) = -14*s**3 - 5*s**2 - 6*s + 10. Let w(x) = 5*d(x) + 4*h(x). Let g = 2 - 3. What is w(g)?
-10
Suppose 4*t = -16, -2*d - 2*d = -3*t - 28. Let c(q) be the second derivative of -q**2 + 0 - 1/3*q**4 - q + 1/20*q**5 - 1/6*q**3. Give c(d).
-6
Let w(d) be the second derivative of -d**3/6 - d**2 + 4*d + 1. Give w(6).
-8
Let x(p) be the second derivative of p**4/24 - 7*p**3/6 - p**2 + 2*p. Let s(o) be the first derivative of x(o). What is s(6)?
-1
Suppose 5*y + 19 = 2*a, 0 = -3*a + 4*y + 8 + 10. Let o(h) = 14*h - 43*h - 5 + 16*h + 14*h + 3. What is o(a)?
0
Let u(h) = -11 + 2 + 4*h + 5. Determine u(3).
8
Let y(o) = -o - 4. Let p(h) = -4*h - 12. Let z(a) = -2*p(a) + 7*y(a). Give z(5).
1
Suppose -5*c - 5*n - 12 = -2, 3*c - 22 = 4*n. Let w(j) be the third derivative of j**5/60 - j**4/8 + 37*j**2. Give w(c).
-2
Let j(c) = c + 15. Let n be j(-11). Suppose 24 = 4*x + n*v, -3*x + 4*x + 5*v - 22 = 0. Let q(i) = 0*i**2 - 2*i - 3 + 0*i**x - i**2. Give q(-3).
-6
Let a = 2 + 2. Let m be 5/(5/a) - -2. Let c be (2/m)/((-3)/9). Let q(d) = -2*d - 1. Determine q(c).
1
Let a(n) = n - 4. Let c be -2 - (-3 + (-8)/2). Let j be a(c). Let w(t) = t**2 - 2*t - 2. Let s(g) = g**2 + 1. Let p(m) = -3*s(m) - w(m). Determine p(j).
-3
Let i(q) = -q + 1. Let z(p) = 2*p - 2. Let o(h) = -3*i(h) - z(h). Determine o(-6)